e third derivative of p**6/120 + 13*p**5/60 + 3*p**4/8 - 13*p**3/6 - 279*p**2. What is m(-12)?
23
Let h be (-2 + (-3)/(-1))/(2/8). Suppose -h = -3*t - 7. Let q(m) = -m**3 + m**2 + m. What is q(t)?
1
Let q(v) = v**3 - 109*v**2 - 122*v**2 + 238*v**2 + 7 + 8*v. Let i be -3 - (1 - (-3 - -1)). What is q(i)?
-5
Let n(f) = -f**2 - 2*f - 2. Suppose -3*c - 8 = -2*h, -5*c + 16 + 4 = 0. Let o = 64 - 62. Suppose -o + h = -4*q. Give n(q).
-2
Let i(h) = -11*h + 12. Suppose -4*l - 18 = x, x = -x + 4*l. Let t(u) = -u + 1. Let g(m) = x*t(m) + i(m). Calculate g(4).
-14
Let h(z) = -114 + 191 - 2*z + z**2 - 91. Determine h(5).
1
Let x(w) = -w**2 + 36. Let q be x(6). Let l(u) be the third derivative of 0 - 3*u**2 + 1/24*u**4 + 5/6*u**3 + q*u. Determine l(-4).
1
Let o = 6 - 6. Suppose 0 = 2*z - 3*z - 4*c - 19, 3*z + c + 2 = o. Let b(n) = 0*n**2 - n + 2 + 4*n**2 - 3*n**2 + z. Determine b(0).
3
Let n be (-3 - (-16)/12)*-3. Let a(g) = 20 + 6 - n*g - g**2 - 18. Give a(-6).
2
Let q(v) = v**2 - 6*v - 3. Suppose 2*i - 26 = -4*z, -65*z + 66*z + 1 = -3*i. Calculate q(z).
13
Let j(s) = s**3 + s**2 + s - 7. Let p = 130 + -130. What is j(p)?
-7
Let f(w) = -w**2 - 8*w - 4. Let x be f(-6). Let b = -3 + x. Let l(i) = i**2 + 5*i**2 - 261*i + 255*i - i**3 - 2. Calculate l(b).
-7
Suppose u + 14 = d - 2*u, -21 = -3*d + 2*u. Suppose 3*o + 2 = 4*o. Let z(r) = o - 6*r + 22*r**3 - 9*r**3 - 12*r**3 - 4*r**2 + 3. What is z(d)?
0
Let w(l) = l**3 + l - 1. Let q(h) = -3*h**3 - 5*h**2 - 10*h - 2. Let n(b) = q(b) + 4*w(b). Let u be (-4)/(56/(-12) - -4). Determine n(u).
-6
Let v be 1 + -1 + (8/(-2) - -4). Let c(d) = -10*d + d**2 - 7 + v*d**2 + 3*d**2 - 5*d**2. Give c(-7).
14
Let z(g) = -g**2 - 7*g - 3. Let r be z(-5). Let x(d) = 9 + r - 2 - 5 + 4*d. Give x(-6).
-15
Suppose -2*v + 3*j = 2*v + 7, 4*v = -4*j. Let d(s) be the second derivative of 13*s**6/120 + s**2 + s. Let a(b) be the first derivative of d(b). Determine a(v).
-13
Let t(x) = 2. Let m(v) = -v - 14. Let q(p) = 3*m(p) + 5*t(p). What is q(-9)?
-5
Let d be (-1 + 3)*222/(-12)*-1. Let q = d - 39. Let c(t) = t**3 + t**2 - t - 1. Determine c(q).
-3
Let p be ((-77)/11 - -2)/(5/(-3)). Suppose -2*t + 9 = 3*b, 4*t + 5*b - 15 = 3*t. Let s(m) = 3*m + t*m**2 - 2*m**2 - m. What is s(p)?
-12
Let y(m) = 5 - 3 - 2*m + 6*m**2 - 4. Suppose -20 = 5*u - 25, -3 = -q - u. What is y(q)?
18
Let s(x) = -x + 1. Let p be s(6). Let d(o) be the first derivative of -o**3/3 - o**2 + 6*o + 71. Calculate d(p).
-9
Let p(j) = -2*j + 10. Suppose i + 2*i = -4*f - 12, 5*i = -20. Suppose 5*c - 2*z - 13 = 16, f = 2*c - 5*z + 1. Give p(c).
-4
Let t be 4/(-10)*(-60)/8. Let r(b) = b**2 - 1. Determine r(t).
8
Let f(o) = -5*o**2 - 10*o - 8. Let n(a) = -a**2 - 3*a - 2. Let p(t) = -2*f(t) + 7*n(t). Calculate p(1).
4
Let d be ((-8)/12)/(2 - (-160)/(-78)). Let x(a) = -d + 9 - a + 5. Calculate x(3).
-2
Let z(i) = i. Let f be z(7). Let l(b) = -f*b + 4 - 6 + 10*b + 4. Give l(-3).
-7
Let i(r) = -r + 1. Let n(u) = -u**3 + u**2 + 4*u - 5. Let v be n(1). Let f be v/(-3 - -6 - 4) - 9. What is i(f)?
9
Let o(z) = 2*z**2 - 7*z - 2. Let u(i) = -i**2 + 4*i. Let t(x) = 3*o(x) + 5*u(x). Suppose w + 3 = 2*w. Suppose -w*s + 10 = -5. What is t(s)?
14
Let u(v) = 2*v + 4. Let g(q) be the second derivative of q**4/12 + 4*q**3/3 - 23*q**2/2 + 17*q. Let t be g(-10). What is u(t)?
-2
Let s(g) = g + 2. Suppose 4*q - 2 = m, -1 + 9 = -4*q - 4*m. Suppose q*c + 24 = 6*c. Calculate s(c).
6
Let y(h) = h**3 + 3*h**2 + 3*h + 5. Let i be (-5)/((-60)/(-6))*(2 - -2). Give y(i).
3
Let d(j) = -3 - 9*j - 3*j + 10*j. Let m be (-16)/56 - (-12)/(-7). Let n = m - 2. Give d(n).
5
Suppose -4*g = 4*j - j + 1, 5*g = -5. Let i(q) = 5*q + 42. Let u(p) = -10*p - 91. Let r(w) = 13*i(w) + 6*u(w). Give r(j).
5
Let o(j) = 23*j + 11 - 61*j + 19*j + 18*j. Calculate o(12).
-1
Let o(h) be the first derivative of 2*h**2 + 22*h + 168. What is o(-5)?
2
Let o(w) = -6*w + 2. Let t = 1845 + -1838. Calculate o(t).
-40
Let o(n) be the second derivative of -n**3/6 - 5*n**2/2 - 2*n - 36. Calculate o(4).
-9
Let y(i) = -i**2 - 2*i - 2. Let x = 186 - 189. Give y(x).
-5
Let g(x) be the third derivative of 0*x**3 + 0 + 45*x**2 + 5/12*x**4 + 0*x. Determine g(1).
10
Let n(d) = d**2 + d - 4. Let i = -191 - -195. What is n(i)?
16
Let k(i) = 7*i + 5. Let p(r) = r + 1. Let g(q) = -k(q) + 6*p(q). Let n(s) = s - 3. Let v be n(7). Suppose -4*m = -2*y - 6 + 26, v*y = -4*m - 8. What is g(y)?
-1
Suppose 2*q = 2*x, -5*x + 18 = 3*q - 2*x. Let a(n) = -4 - n + q + 1. Suppose -4*h - 2 = -m - 1, 3*h - m + 2 = 0. Give a(h).
-1
Let b be ((-80)/(-50))/(2/5). Let k(j) = 2 + 32*j + 42*j - 76*j. Calculate k(b).
-6
Let a(j) = j**3 - 12*j**2 - 15*j + 4. Let h = 1758 + -1745. What is a(h)?
-22
Let m(f) be the first derivative of f**6/120 - f**5/20 - f**4/8 + f**3/3 + f**2/2 + 2. Let z(j) be the second derivative of m(j). Let l = 7 - 3. Give z(l).
6
Let t(r) = r**2 - 8*r + 5. Suppose 4*y + 4*j + 0 = 12, -3*j - 21 = -2*y. Let m be (-2 - 6/(-2))*1*y. Give t(m).
-7
Let c be -7 + 70/175 + (-7)/5. Let a(b) = -b**2 - 11*b - 18. Calculate a(c).
6
Let k(f) be the second derivative of -f**5/20 + f**3/3 + 7*f**2 + 67*f. Give k(0).
14
Let v be 3/((-4)/(6 - -6)). Let o(l) = -l**3 - 8*l**2 + 9*l + 7. Give o(v).
7
Let s(w) = -1 + w + 5 - 5 + 0*w + 0. Let u = -5 + 4. Determine s(u).
-2
Let f(g) = -3 + 8*g + 95*g**2 - 96*g**2 + 0*g. Determine f(7).
4
Let t(d) = -d**3 + d**2 + 1. Let y(o) = 3*o**3 + 6*o**2 - 9*o - 6. Let u(n) = 2*t(n) + y(n). Give u(-9).
-4
Let p(v) = v**2 - 14*v + 18. Let a(l) = 21*l - 8. Let k be a(1). Determine p(k).
5
Let x(i) = i + 21 - 5*i + i - 2*i + 6*i. Calculate x(-12).
9
Let z(g) be the second derivative of -g**4/12 + g**3/2 - 3*g**2/2 - 8*g + 7. Calculate z(2).
-1
Suppose h + 3 = 6. Let g(y) = 3*y + 2*y**h - 2*y**3 - 5*y - 1 - 2*y**3 - y**2. What is g(-1)?
2
Let c(w) = 11*w**2 + 4*w - 3. Let x(f) = 2 + 6*f - 3*f - 3*f - 2*f - 6*f**2. Let u(r) = 3*c(r) + 5*x(r). Calculate u(-1).
2
Suppose -o = 3 + 1. Let a be ((-2)/(-4))/(1/o). Let r be ((-8)/(-16))/(a/(-4)). Let n(p) = 2*p. What is n(r)?
2
Suppose -3*j + 5*r - 3*r = -2, 0 = 4*j - 3*r - 2. Let a(y) = 3*y - 3. Let m be a(j). Let w(u) = -m - 4*u + 5*u - 4*u - 3*u. Give w(-2).
9
Let d(n) = -n + 2. Suppose 18 = -10*t + 12*t. Let u be (-30)/t + 6/(-9). Determine d(u).
6
Suppose -q = -4*q + 45. Let x = q - 12. Let y(p) = 3*p - 2. Give y(x).
7
Let x(v) = v + 3. Let k be x(-3). Let l(r) = r**2 - 7*r + 8. Let p be l(6). Let j(q) = 6*q**2 - 11*q**p + 3*q**2 + q**2 + 13. Give j(k).
13
Let f(s) = -3*s**3 - 6*s**2 - 3*s - 4. Let y = -5 + 16. Let a(r) = 8*r**3 + 18*r**2 + 8*r + 12. Let z(x) = y*f(x) + 4*a(x). Let t = 6 + 0. Give z(t).
-2
Let b = -1/1109 - -1111/2218. Let w(a) be the first derivative of -b*a**2 - 4*a - 1. Determine w(-6).
2
Suppose -6*b + 0*b + 18 = 0. Suppose -5*a = -5*y + 15, -b*y = -3*a - 2*y - 1. Let v(q) = 6*q. Determine v(a).
6
Suppose 2*j = 4*j - 4. Let n(g) = -g**2 - 5*g + 8. Let a(y) = y**2 + 4*y - 7. Let h(p) = j*n(p) + 3*a(p). Let i = -24 - -20. Give h(i).
3
Let w(j) be the second derivative of -j**3/2 - 31*j**2/2 - 2*j - 6. Give w(-10).
-1
Let w(g) be the second derivative of -g**4/12 + 2*g**3 - 5*g**2/2 - 16*g + 1. Calculate w(11).
6
Let s = 13 - 10. Let d(m) = 4 - 4 + 9*m + m**s - 3*m + 8*m**2 - 6. Calculate d(-7).
1
Let x(p) be the first derivative of p**3/3 - 3*p**2/2 + 2*p + 28. Calculate x(-4).
30
Let p(k) = -5*k. Let b be p(-1). Let c(w) = -w + 18. Let y be c(10). Let i(g) = 4*g**3 + 2 + 3*g - 6*g**2 - y*g - 3*g**3 + 10*g. Calculate i(b).
2
Let s(z) = z**2 + 8*z + 4. Let m = 30 + 13. Let v = m + -51. Determine s(v).
4
Suppose -2*u = 3*u - 20. Let d(k) = -u*k - 3 - 1 + 5*k + 6. Let i be (-2 - -3 - 0) + -5. Calculate d(i).
-2
Suppose -2*q = -7 + 1. Let y(c) = 2*c - c**3 + 3*c**2 - c - 4 + 0*c**2. Determine y(q).
-1
Let p(m) be the first derivative of -m**3/3 - 5*m**2/2 - 5*m - 1. Suppose 14*z = z - 78. Calculate p(z).
-11
Let v = 11 - 15. Let j(b) be the third derivative of -b**7/5040 - b**6/360 + b**5/10 - 7*b**2. Let x(f) be the third derivative of j(f). Give x(v).
2
Suppose 2*z = -4*w - 6, -8 = -w - 13. Let v(l) = -2*l - 8. What is v(z)?
-22
Suppose 5*m - 18 = -0*m + 2*c, 0 = -2*m + 5*c + 3. Suppose -14 + 2 = -m*r. Let y be r + 0 - 8 - 0. Let u(k) = -k**3 - 5*k**2 + k. Calculate u(y).
-5
Let b(c)